{"id":987928,"date":"2024-03-30T10:34:57","date_gmt":"2024-03-30T10:34:57","guid":{"rendered":"https:\/\/petmark.ba\/shop\/?post_type=product&#038;p=987928"},"modified":"2024-04-15T10:49:13","modified_gmt":"2024-04-15T09:49:13","slug":"bellen-cosmetics-sampon-plocica","status":"publish","type":"product","link":"https:\/\/petmark.ba\/shop\/proizvod\/bellen-cosmetics-sampon-plocica\/","title":{"rendered":"Bellen Cosmetics \u0160ampon plo\u010dica"},"content":{"rendered":"<div class=\"vgblk-rw-wrapper limit-wrapper\">\n<p>Bellen Cosmetics \u0160ampon plo\u010dica<\/p>\n<div class=\"cxmmr5t8 oygrvhab hcukyx3x c1et5uql o9v6fnle ii04i59q\">\n<div dir=\"auto\">Napravljena sa 100% prirodnim sastojcima koji su sigurni za tvog ku\u0107nog ljubimca.<\/div>\n<\/div>\n<div class=\"cxmmr5t8 oygrvhab hcukyx3x c1et5uql o9v6fnle ii04i59q\">\n<div dir=\"auto\"><\/div>\n<div dir=\"auto\">Sapun za pse je ru\u010dno izra\u0111en blagi sapun koji \u010duva pH vrijednost njihove ko\u017ee, te ne izaziva iritaciju i svrab.<\/div>\n<\/div>\n<p><\/p>\n<\/div>\n<p><!-- .vgblk-rw-wrapper --><\/p>\n","protected":false},"excerpt":{"rendered":"<p>Bellen Cosmetics \u0160ampon plo\u010dica<\/p>\n<div class=\"cxmmr5t8 oygrvhab hcukyx3x c1et5uql o9v6fnle ii04i59q\">\n<div dir=\"auto\">Napravljena sa 100% prirodnim sastojcima koji su sigurni za tvog ku\u0107nog ljubimca.<\/div>\n<\/div>\n<div class=\"cxmmr5t8 oygrvhab hcukyx3x c1et5uql o9v6fnle ii04i59q\">\n<div dir=\"auto\"><\/div>\n<div dir=\"auto\">Sapun za pse je ru\u010dno izra\u0111en blagi sapun koji \u010duva pH vrijednost njihove ko\u017ee, te ne izaziva iritaciju i svrab.<\/div>\n<\/div>\n<p><\/p>\n","protected":false},"featured_media":988031,"comment_status":"open","ping_status":"closed","template":"","meta":[],"product_brand":[],"product_cat":[271,272],"product_tag":[306,307,308,309,310],"class_list":{"0":"post-987928","1":"product","2":"type-product","3":"status-publish","4":"has-post-thumbnail","6":"product_cat-higijena-i-kozmetika-za-pse","7":"product_cat-sapuni-za-pse","8":"product_tag-bellen-cosmetics","9":"product_tag-bellen-cosmetics-sampon-plocica","10":"product_tag-bellen-cosmetics-sapun-za-pse","11":"product_tag-rucno-raden-sapun-za-pse","12":"product_tag-sapun-za-pse","14":"first","15":"instock","16":"shipping-taxable","17":"purchasable","18":"product-type-simple"},"jetpack_sharing_enabled":true,"_links":{"self":[{"href":"https:\/\/petmark.ba\/shop\/wp-json\/wp\/v2\/product\/987928","targetHints":{"allow":["GET"]}}],"collection":[{"href":"https:\/\/petmark.ba\/shop\/wp-json\/wp\/v2\/product"}],"about":[{"href":"https:\/\/petmark.ba\/shop\/wp-json\/wp\/v2\/types\/product"}],"replies":[{"embeddable":true,"href":"https:\/\/petmark.ba\/shop\/wp-json\/wp\/v2\/comments?post=987928"}],"version-history":[{"count":2,"href":"https:\/\/petmark.ba\/shop\/wp-json\/wp\/v2\/product\/987928\/revisions"}],"predecessor-version":[{"id":988413,"href":"https:\/\/petmark.ba\/shop\/wp-json\/wp\/v2\/product\/987928\/revisions\/988413"}],"wp:featuredmedia":[{"embeddable":true,"href":"https:\/\/petmark.ba\/shop\/wp-json\/wp\/v2\/media\/988031"}],"wp:attachment":[{"href":"https:\/\/petmark.ba\/shop\/wp-json\/wp\/v2\/media?parent=987928"}],"wp:term":[{"taxonomy":"product_brand","embeddable":true,"href":"https:\/\/petmark.ba\/shop\/wp-json\/wp\/v2\/product_brand?post=987928"},{"taxonomy":"product_cat","embeddable":true,"href":"https:\/\/petmark.ba\/shop\/wp-json\/wp\/v2\/product_cat?post=987928"},{"taxonomy":"product_tag","embeddable":true,"href":"https:\/\/petmark.ba\/shop\/wp-json\/wp\/v2\/product_tag?post=987928"}],"curies":[{"name":"wp","href":"https:\/\/api.w.org\/{rel}","templated":true}]}}