{"id":987988,"date":"2024-03-30T10:35:20","date_gmt":"2024-03-30T10:35:20","guid":{"rendered":"https:\/\/petmark.ba\/shop\/?post_type=product&#038;p=987988"},"modified":"2024-03-30T10:35:29","modified_gmt":"2024-03-30T10:35:29","slug":"aj-naturals-balzam-za-njegu-i-zastitu-sapica","status":"publish","type":"product","link":"https:\/\/petmark.ba\/shop\/proizvod\/aj-naturals-balzam-za-njegu-i-zastitu-sapica\/","title":{"rendered":"AJ Naturals balzam za njegu i za\u0161titu \u0161apica"},"content":{"rendered":"<div class=\"vgblk-rw-wrapper limit-wrapper\">AJ Naturals balzam za njegu i za\u0161titu \u0161apica<\/p>\n<p>Zimi se zbog snijega i leda \u0161ape lako smrznu, a dolaskom u ku\u0107u na toplo, \u0161ape postaju podlo\u017ene pucanju i isu\u0161ivanju. Iako i psi i ma\u010dke imaju svoje na\u010dine za \u010di\u0161\u0107enje \u0161apica, temeljita njega zbog odr\u017eavanja zdravlja i higijene ipak im je potrebna posebnim balzamima. Mekani jastu\u010di\u0107i podlo\u017eni su posjekotinama i ranicama koje ne\u0107e nu\u017eno krvariti stoga ih je potrebno pregledati i na vrijeme sanirati.<\/p>\n<p>Na\u010din uporabe: prije svake \u0161etnje, nje\u017eno utrljajte balzam u jastu\u010di\u0107e i prostor izme\u0111u njih. Koristite uvijek prije dugih \u0161etnji kao i \u0161etnji po ledu, snijegu i vru\u0107em asfaltu.<\/p>\n<p>AJ Naturals balzam za njegu i za\u0161titu \u0161apica sadr\u017ei: p\u010delinji vosak, shea puter, kokosov puter, bademovo i ricinusovo ulje. Idealno za njegu \u0161apica na\u0161ih krznenih ljubimaca.<\/p>\n<p>Balzam za njegu i za\u0161titu \u0161apica:<\/p>\n<ul>\n<li>poma\u017ee u ubla\u017eavanju nelagode,<\/li>\n<li>popravljanju o\u0161te\u0107enja,<\/li>\n<li>hidratizira i njeguje suhe \u0161ape.<\/li>\n<\/ul>\n<p>Osim za \u0161ape mo\u017ee se koristiti i za nju\u0161ke koje su suhe i ispucale da bi se hidratizirale i sprije\u010dilo pucanje ko\u017ee.<\/p>\n<p>&nbsp;<\/p><\/div>\n<p><!-- .vgblk-rw-wrapper --><\/p>\n","protected":false},"excerpt":{"rendered":"<p>AJ Naturals balzam za njegu i za\u0161titu \u0161apica<\/p>\n<p>Zimi se zbog snijega i leda \u0161ape lako smrznu, a dolaskom u ku\u0107u na toplo, \u0161ape postaju podlo\u017ene pucanju i isu\u0161ivanju. Iako i psi i ma\u010dke imaju svoje na\u010dine za \u010di\u0161\u0107enje \u0161apica, temeljita njega zbog odr\u017eavanja zdravlja i higijene ipak im je potrebna posebnim balzamima. Mekani jastu\u010di\u0107i podlo\u017eni su posjekotinama i ranicama koje ne\u0107e nu\u017eno krvariti stoga ih je potrebno pregledati i na vrijeme sanirati.<\/p>\n<p>Na\u010din uporabe: prije svake \u0161etnje, nje\u017eno utrljajte balzam u jastu\u010di\u0107e i prostor izme\u0111u njih. Koristite uvijek prije dugih \u0161etnji kao i \u0161etnji po ledu, snijegu i vru\u0107em asfaltu.<\/p>\n<p>AJ Naturals balzam za njegu i za\u0161titu \u0161apica sadr\u017ei: p\u010delinji vosak, shea puter, kokosov puter, bademovo i ricinusovo ulje. Idealno za njegu \u0161apica na\u0161ih krznenih ljubimaca.<\/p>\n<p>Balzam za njegu i za\u0161titu \u0161apica:<\/p>\n<ul>\n<li>poma\u017ee u ubla\u017eavanju nelagode,<\/li>\n<li>popravljanju o\u0161te\u0107enja,<\/li>\n<li>hidratizira i njeguje suhe \u0161ape.<\/li>\n<\/ul>\n<p>Osim za \u0161ape mo\u017ee se koristiti i za nju\u0161ke koje su suhe i ispucale da bi se hidratizirale i sprije\u010dilo pucanje ko\u017ee.<\/p>\n<p>&nbsp;<\/p>\n","protected":false},"featured_media":988035,"comment_status":"open","ping_status":"closed","template":"","meta":[],"product_brand":[],"product_cat":[276,271],"product_tag":[314,277],"class_list":{"0":"post-987988","1":"product","2":"type-product","3":"status-publish","4":"has-post-thumbnail","6":"product_cat-balzam-za-sape","7":"product_cat-higijena-i-kozmetika-za-pse","8":"product_tag-aj-naturals-balzam-za-njegu-i-zastitu-sapica","9":"product_tag-balzam-za-sape","11":"first","12":"instock","13":"shipping-taxable","14":"purchasable","15":"product-type-simple"},"jetpack_sharing_enabled":true,"_links":{"self":[{"href":"https:\/\/petmark.ba\/shop\/wp-json\/wp\/v2\/product\/987988","targetHints":{"allow":["GET"]}}],"collection":[{"href":"https:\/\/petmark.ba\/shop\/wp-json\/wp\/v2\/product"}],"about":[{"href":"https:\/\/petmark.ba\/shop\/wp-json\/wp\/v2\/types\/product"}],"replies":[{"embeddable":true,"href":"https:\/\/petmark.ba\/shop\/wp-json\/wp\/v2\/comments?post=987988"}],"version-history":[{"count":1,"href":"https:\/\/petmark.ba\/shop\/wp-json\/wp\/v2\/product\/987988\/revisions"}],"predecessor-version":[{"id":988036,"href":"https:\/\/petmark.ba\/shop\/wp-json\/wp\/v2\/product\/987988\/revisions\/988036"}],"wp:featuredmedia":[{"embeddable":true,"href":"https:\/\/petmark.ba\/shop\/wp-json\/wp\/v2\/media\/988035"}],"wp:attachment":[{"href":"https:\/\/petmark.ba\/shop\/wp-json\/wp\/v2\/media?parent=987988"}],"wp:term":[{"taxonomy":"product_brand","embeddable":true,"href":"https:\/\/petmark.ba\/shop\/wp-json\/wp\/v2\/product_brand?post=987988"},{"taxonomy":"product_cat","embeddable":true,"href":"https:\/\/petmark.ba\/shop\/wp-json\/wp\/v2\/product_cat?post=987988"},{"taxonomy":"product_tag","embeddable":true,"href":"https:\/\/petmark.ba\/shop\/wp-json\/wp\/v2\/product_tag?post=987988"}],"curies":[{"name":"wp","href":"https:\/\/api.w.org\/{rel}","templated":true}]}}